 79 - (1 - 20)
-73
What is -36 + -1 + (5 - (29 - 8))?
-53
Calculate 6 - (45 + 5) - ((-2 - -5) + 9 + -8).
-48
Evaluate (-4 - -18 - 7) + 4 + (-99 - 23).
-111
What is the value of -1 + (-10 - 7) + (548 - 503)?
27
(2 - 111) + 15728 + -15602
17
What is (-4 - 2) + 66 - (-55 - (-108 - -53))?
60
What is (2858 + -2850 - ((-65 - 0) + 4 + -5)) + -13?
61
What is the value of (-10 - (-10 - -2 - -5)) + 16 + 29?
38
-6 + -7 + 3 + 4 + -4 + (16 - -25)
31
What is the value of -17 - (4 - (16 - -7 - 25))?
-23
(-3 - (2 + 1) - 43) + (-6 - (11 - 6))
-60
51 + -9 + 6 + 2 + -2 + (10 - 9)
49
Evaluate 35 - (-31 + 39 - -48).
-21
Evaluate (6 - -82) + (0 - -4 - -14) + -119 + 98.
85
-23 + 40 + (-119 - (3 - (-7 + 17)))
-95
Evaluate (12 - 29) + (7 - (-31 + -9)).
30
What is the value of (34 - (2 - (18 + -77))) + -20?
-47
What is the value of (1 - -6) + -43 + -34 + 137?
67
What is the value of 30 - (0 + -30 + 6 + 24 + -23)?
53
What is (-2 - (-1 + 2)) + (-3375 - -3348)?
-30
Calculate 1 - 45 - (14 + -23 - -2).
-37
What is the value of 233 + -254 - (-2 + 1) - 63 - (4 + -1)?
-86
What is the value of (-98 + 122 - 23) + -21?
-20
Evaluate (30 - (0 + 37 + -4)) + -2 + 16.
11
Evaluate -196 + 87 + 107 - (1 + 1 - -8).
-12
Evaluate -7 - (-1 + (-10 + 17 - 8) + -2 - 2).
-1
Calculate -7 - (20 + 1 - (56 - (84 - 31))).
-25
Calculate ((5 - 7) + -4 - (130 + -139)) + 2 + 16.
21
20 + (43 - -23) + -13
73
Evaluate (-1 - -4) + (-30 - -8) + 0 + (-2 - 0).
-21
9 - ((6 - -41 - 31) + (-14 - -2))
5
Evaluate 92 - 59 - -37 - 133.
-63
What is the value of 14 - 4 - (-15 - 25 - 68)?
118
-17 + 1 - (6808 - 6824)
0
(-17 - -6) + 14 + -3 + 0
0
What is the value of (214 - 132) + 14 + -135?
-39
What is the value of 0 - (-4 + 12) - (-43 + (-1 - (0 + -1)))?
35
What is the value of (1 - -1) + -12 + 79 - (-37 - -16 - -14)?
76
Evaluate 3 + 3 + 2 + -49 + 31 + -63 + 31.
-42
Evaluate ((-8 - -8) + -23 + 45 - 39) + 10.
-7
Calculate 24 + -73 + 142 + -21.
72
What is (-54 - (7 + (20 - 40))) + -22?
-63
Calculate 35 + -21 + (-20 - -53) + 4.
51
What is -44 + -32 - -98 - (-8 + (-9 - -3))?
36
(134 - -16) + (541 - 582)
109
Evaluate 62 + -82 + (147 - 110).
17
Calculate -9 - ((-8 - -17) + 10 + -15) - -3.
-10
62 + -68 - (3 - (5 + 6))
2
Calculate (-1 - -1 - (0 + -51)) + (-46351 - -46335).
35
What is the value of -248 + 151 + 47 + 8?
-42
What is the value of (104 - -1) + 21 + -17 - 5 - (241 + -246)?
109
Calculate -57 + 116 + 9 + -76.
-8
Calculate 13 + 0 - ((23 - (-103 + 6)) + -15 + 4).
-96
What is the value of (28 - 5) + 27 + (40 - 71)?
19
What is -14 + (17 - 7) - 19 - -86?
63
What is (-33 - (-110 + 170)) + (16 - 2)?
-79
Evaluate -10 + (19 - (-16 + -13)) + (0 - -12) + 15.
65
What is 2 + 6 + -99 + (-17 + 31 - (-8 - -13))?
-82
15 - (34 + 20) - ((-1 - -2) + (-2 - -14))
-52
Evaluate ((-17 - -9) + 11 - 3) + 40 + -3.
37
67 - (-15 - ((-29 - 19) + 36))
70
What is the value of 44 + 7 + -18 + 9?
42
What is the value of 2 - -4 - ((2 - 16) + -22 + 0 + 16)?
26
What is -15 + (27 - (50 - 30))?
-8
What is the value of -209 + (-94 - -101) + 93?
-109
Calculate -96 + 0 + 1879 + -1821.
-38
-10 + (7 - 71) - (1 - (0 - 18))
-93
What is -1 - (-3 + 17) - (-147 + 122 - -129)?
-119
Calculate -24 + -14 + 26 - -4 - 53.
-61
Calculate 6 + (-11 - -31) + -3 + (10 - 14) + 18.
37
What is the value of -461 + 206 + 281 - (27 - 1)?
0
30 - (1 + -19 - (33 + -27 + -16))
38
What is (-83 - -7) + -174 + 325?
75
-23 + (15 + 71 - 37)
26
What is 2 - (-42 + -13 + 47)?
10
13 + 43 + (-15 - (-7 - 14) - 12)
50
-48 - (-31 + (28 - 11))
-34
Calculate 17 - (10 + 8 - (6 - -17 - -61)).
83
What is the value of -2 + 185 - (-3970 - -4072)?
81
1 + -2 + -8 + -38 + 25 + 19 + -103
-106
(-9 - (-3 - 0)) + (-1 + 4 - (-268 - -190))
75
24 + -128 - (-225 + -28)
149
Calculate 62 + (-22 - -46) + -6 + 8 + 10 + -22.
76
Evaluate 53 + -151 + -38 + 181.
45
Calculate -134 - (48 + -46 - 259).
123
Evaluate 6 - -77 - (1 + 0 + -23) - 1.
104
Evaluate (-134 - 156) + 134 - (-42 + 0).
-114
Evaluate (-34 + 17 - 8) + 35 + (-6 - 2).
2
What is the value of -122 + (38 - -13) - -14?
-57
What is 36 + (1 + 14 - (2020 - 1968))?
-1
Calculate 9 - 3 - (-398 - -413).
-9
What is the value of -11 + (42 - (7 + -3 + 16))?
11
What is -5 + (40 + 0 - (3 - -7 - 2))?
27
What is the value of -8 - (-87 + 80 - 14)?
13
What is the value of 3 + -95 + (-89 - -124)?
-57
What is (-46 - -113) + -27 - 85?
-45
Calculate -8 + (22 - 30 - (12 - -4)).
-32
Calculate (-57 - (-166 + 70)) + -5 + 1.
35
What is -29 + (-2 + 18 - ((-21 - 21 - -14) + 30))?
-15
What is -34 - (-33 - -28) - (0 + -7)?
-22
What is the value of 27 + 43 - (-54 - -101)?
23
Evaluate (-58 + -37 - -33) + 3 - (0 - -7 - -2).
-68
Evaluate (17 + -8 - 10) + (-14 - 3).
-18
Evaluate (4 + -12 - -18) + -58 - 11 - (2 + -1).
-60
Calculate (-2 - -4) + -92 - (-47124 + 47088).
-54
-43 + -3 - ((62 - -12) + -79)
-41
What is the value of 5 - 34 - (-1 - (-1 + 2 + -15))?
-42
34 + 71 + (-106 - -84)
83
-26 + (-102 - -24) + 187
83
What is -4 - (29 + (1 - 22) + 72 + -64 + 11)?
-31
75 - (1 + 3 + -10 + (-127 - -135))
73
Evaluate -12 - (8 + 58 + -66 + (-78 - 2)).
68
Calculate -14 - ((29 - -45) + -50).
-38
26 + (6 - 9) + (3 - (10 + 6 + -16))
26
What is (-714 - -883) + (-17 - 32)?
120
1 + 0 + -5 + 224 + -118 + -60
42
Evaluate -4 - (-32 - -28) - -22.
22
Calculate 7 + -19 - -7 - (47 + 0 - -8 - 16).
-44
-10 - -34 - (42 - (-22 - -40))
0
Calculate -2 - (-22 + 15 + -5) - (58 + 1).
-49
(-1 - 2) + 3 + 6 + -65 + -41 + 60
-40
Calculate 6 + -5 + (2 - -3) + (32 - -12) + -42.
8
What is 1 - -10 - ((-14 - -32) + -27)?
20
What is the value of -42 + 62 - (-38 + 144)?
-86
Calculate 19 + (19 - 31) + 17 + 5 + -3.
26
Evaluate (-57 - -104) + 153 + -278.
-78
19 + (9 - (-20 + 52)) - -23
19
What is the value of 0 - (0 - -12 - 2) - ((13 - 50) + -3)?
30
What is 8 + (-9 - (11 + (-26 - -1)) - 12) + 43?
44
Calculate 1 - (3 + -56 - 28).
82
What is 3 + 0 + (82 + 1 - -5) + 735 + -727?
99
5 + (1 + -44 - (1202 + -1366))
126
2 + (26 - (-1 - -10) - 2 - 55)
-38
What is 20 - (33 + -21) - (25 + -10)?
-7
Evaluate 29 + (4 + -21 - -19).
31
What is the value of 33 + 0 + (-109 + 65 - -36)?
25
What is (-15 - -1) + (116 - (136 + 4))?
-38
5 - (1 - -5 - (-3 + -6 + 13 - 6))
-3
Evaluate 11 + (-59 - (-29 + 6)).
-25
What is the value of -8 - (-7 + 7 + -1 + -11) - 11?
-7
What is the value of (67 - 24) + (-18 - 0) + 12?
37
What is the value of 94 + 0 + -17 + 34?
111
Evaluate ((38 - 22) + -15 - 18) + -23.
-40
Calculate -10 + 59 - (10 + -7 + (-1 - -2) + -1).
46
What is 87 - ((-17 - (14 + 1 + -3 + -9)) + 15)?
92
What is -26 - ((-15 + -1 - -8) + -50 + 45)?
-13
(-4 - (25 - 1)) + (16 - (-2 + 7))
-17
-1 - (-18 - 1) - (5024 + -5052) - -15
61
27 - (-49 - (-45 + 12))
43
Calculate (11 - 1) + -11 + (-26 - -2) + (-4 - -14).
-15
What is 11 + (-6 - -14) + -9 + 3 - -5?
18
Evaluate (26 - -59 - 23) + -23.
39
Calculate 18 + 1 - -3 - 17 - -20.
25
Evaluate (-15 - -19) + (-6 - 0) + (-6 - (-8 + 7)).
-7
Evaluate -8 + -5 + 7 + -22 + -2.
-30
What is 122 + -116 - 19 - (-18 + 0 + 0)?
5
-78 + -29 + 48 - (-20 + 2)
-41
Calculate -6 + (-1 - 63) + (-22 + 6 - -15 - -9).
-62
0 + 44 - ((-53 - -86) + -5)
16
What is 23 + -10 + (5 - 15) + 36?
39
Calculate -50 + -58 + 63 - -92.
47
What is -19 + (14 - (24 - 48)) - (1 - 3 - -16)?
5
What is the value of -58 + 66 - (25 - 5 - -35)?
-47
-19 + 54 + -26 + -35
-26
What is the value of -32 + (42 + -92 - -64)?
-18
What is -1 + -15 + -371 + 418?
31
Calculate -3 + 0 + 32 + 9 + -23 + 32.
47
Evaluate -1 - 36 - (48 + -33 - 4).
-48
What is the value of -19 - (102 + -134) - 99?
-86
Evaluate (8 - (12 - -17)) + (40 - 20) - 97.
-98
Calculate (-54 - -4) + -4 - (846 - 847).
-53
What is the value of -109 + (47 - -15) + -75?
-122
What is the value of (5 + 3 + -9 + (-9 - -29) - 7) + 8?
20
Evaluate 152 + -45 - 123 - (48 - 2).
-62
What is the value of -4 - (36 + 2 + (-27 - -19) + -1 + -4)?
-29
Calculate 18 - (10 + 12 - (15 + (-6 - 3))).
2
What is 33 + -1 - (-275 + (-202 - -498))?
11
What is the value of ((-95 - -22) + 39 - 13) + 22?
-25
Evaluate 2 - 25 - (-76 + 79 - 12).
-14
Evaluate -1 + (17 - 3) + -26 + 115 + 2.
104
Evaluate -111 + (-23 - (-15 - 2)) + 8.
-109
Evaluate -46 + 49 - (-10 + -1) - (20 + -16).
10
-62 - -5 - (-127 + 43)
27
What is -30 - -1 - (47 - (-102 + 131))?
-47
What is 36 + (48 + 21 - 24 - 50)?
31
Calculate (62 + 46 - (4 + -4)) + (5 - 15).
98
Calculate (-3 + 80 - -12) + -20 + -9.
